hest common divisor of 20 and 64.
4
What is the greatest common factor of 4325 and 346?
173
What is the greatest common factor of 540 and 20?
20
Calculate the greatest common divisor of 189 and 13797.
189
Calculate the greatest common divisor of 3890 and 50.
10
Calculate the highest common factor of 3429 and 27.
27
Calculate the highest common divisor of 10 and 2650.
10
Calculate the greatest common factor of 12 and 14724.
12
What is the greatest common factor of 22 and 1738?
22
Calculate the greatest common factor of 34 and 24565.
17
What is the greatest common factor of 192 and 12?
12
Calculate the greatest common divisor of 45 and 75.
15
Calculate the greatest common divisor of 2189 and 22.
11
What is the highest common factor of 156 and 3900?
156
What is the greatest common factor of 52 and 156?
52
What is the greatest common divisor of 1 and 49?
1
Calculate the highest common divisor of 10 and 640.
10
Calculate the greatest common factor of 117 and 13143.
39
What is the greatest common factor of 4407 and 26?
13
Calculate the greatest common divisor of 195 and 1677.
39
What is the greatest common divisor of 7 and 1617?
7
What is the highest common factor of 190 and 70?
10
Calculate the highest common divisor of 2 and 5250.
2
Calculate the greatest common divisor of 186 and 10354.
62
What is the highest common factor of 670 and 90?
10
What is the highest common factor of 98 and 658?
14
What is the greatest common divisor of 22024 and 24?
8
What is the greatest common divisor of 184 and 32?
8
Calculate the highest common factor of 186 and 5704.
62
Calculate the highest common factor of 45 and 10710.
45
Calculate the greatest common divisor of 16395 and 75.
15
Calculate the greatest common factor of 672 and 210.
42
Calculate the highest common factor of 216 and 96.
24
What is the highest common factor of 68 and 5933?
17
Calculate the greatest common factor of 1586 and 122.
122
What is the greatest common factor of 120 and 136?
8
Calculate the greatest common divisor of 9 and 3798.
9
What is the greatest common divisor of 1173 and 69?
69
Calculate the highest common factor of 28 and 40.
4
What is the greatest common factor of 676 and 156?
52
What is the greatest common factor of 10578 and 246?
246
What is the highest common divisor of 5945 and 738?
41
Calculate the greatest common factor of 182 and 78.
26
Calculate the highest common factor of 55 and 880.
55
What is the highest common divisor of 39495 and 15?
15
What is the greatest common divisor of 2016 and 2?
2
What is the greatest common factor of 133 and 114?
19
What is the highest common divisor of 30 and 750?
30
Calculate the greatest common divisor of 12 and 25812.
12
What is the highest common factor of 2007 and 10927?
223
What is the highest common factor of 18 and 6378?
6
Calculate the highest common factor of 1070 and 230.
10
What is the highest common factor of 52 and 20?
4
Calculate the greatest common divisor of 15 and 505.
5
Calculate the greatest common factor of 256 and 1712.
16
What is the highest common factor of 222 and 42?
6
Calculate the highest common divisor of 3773 and 49.
49
What is the greatest common factor of 234 and 54?
18
Calculate the greatest common divisor of 507 and 975.
39
What is the highest common divisor of 33 and 1947?
33
Calculate the greatest common divisor of 85 and 20.
5
What is the highest common factor of 368 and 138?
46
Calculate the highest common factor of 16 and 16.
16
What is the highest common factor of 615 and 574?
41
Calculate the greatest common factor of 153 and 2397.
51
What is the greatest common factor of 207 and 1794?
69
What is the greatest common divisor of 204 and 48?
12
Calculate the greatest common divisor of 80 and 25.
5
Calculate the greatest common divisor of 121 and 264.
11
Calculate the highest common divisor of 360 and 440.
40
Calculate the highest common factor of 2581 and 29.
29
What is the highest common factor of 7 and 683?
1
Calculate the greatest common factor of 17940 and 15.
15
What is the greatest common factor of 1612 and 13?
13
What is the highest common factor of 177 and 18939?
177
Calculate the greatest common divisor of 1635 and 10.
5
What is the highest common divisor of 278 and 12649?
139
Calculate the highest common factor of 1000 and 40.
40
Calculate the greatest common divisor of 3 and 11.
1
Calculate the highest common factor of 212 and 159.
53
What is the greatest common divisor of 435 and 14935?
145
Calculate the greatest common factor of 14144 and 13.
13
What is the highest common divisor of 75 and 15885?
15
What is the highest common divisor of 168 and 126?
42
Calculate the highest common divisor of 219 and 292.
73
Calculate the highest common divisor of 253 and 115.
23
Calculate the highest common factor of 30396 and 447.
447
What is the greatest common divisor of 3075 and 4551?
123
Calculate the greatest common factor of 17236 and 124.
124
What is the highest common divisor of 3252 and 16?
4
What is the greatest common factor of 308 and 61600?
308
Calculate the greatest common divisor of 5 and 4.
1
What is the highest common factor of 62 and 25172?
62
Calculate the greatest common factor of 20 and 48.
4
Calculate the highest common divisor of 26 and 221.
13
What is the greatest common factor of 14 and 168?
14
Calculate the greatest common factor of 1204 and 28.
28
What is the greatest common divisor of 477 and 9?
9
Calculate the greatest common divisor of 255 and 60.
15
Calculate the greatest common factor of 12247 and 37.
37
Calculate the highest common factor of 14 and 406.
14
What is the highest common factor of 6358 and 4913?
289
Calculate the highest common divisor of 1582 and 21.
7
What is the highest common divisor of 243 and 18?
9
What is the highest common factor of 187 and 22?
11
What is the highest common divisor of 12 and 384?
12
Calculate the greatest common factor of 46 and 8.
2
What is the greatest common factor of 564 and 3?
3
Calculate the highest common divisor of 611 and 47.
47
What is the highest common divisor of 36 and 1548?
36
What is the greatest common divisor of 56 and 5404?
28
Calculate the greatest common divisor of 390 and 30.
30
What is the greatest common divisor of 24030 and 216?
54
What is the greatest common divisor of 136 and 340?
68
What is the highest common divisor of 12 and 2052?
12
What is the highest common divisor of 1372 and 868?
28
Calculate the highest common factor of 46 and 3082.
46
Calculate the greatest common factor of 648 and 3.
3
What is the highest common factor of 256 and 736?
32
Calculate the greatest common divisor of 52 and 78.
26
Calculate the greatest common factor of 366 and 18.
6
What is the greatest common factor of 32 and 6800?
16
What is the highest common divisor of 65 and 45?
5
What is the greatest common factor of 7659 and 333?
333
Calculate the highest common divisor of 574 and 329.
7
What is the highest common factor of 69 and 368?
23
Calculate the greatest common divisor of 738 and 18.
18
Calculate the greatest common factor of 306 and 6273.
153
What is the highest common divisor of 540 and 495?
45
What is the greatest common factor of 2 and 17?
1
What is the greatest common factor of 57 and 437?
19
What is the highest common divisor of 360 and 280?
40
Calculate the highest common factor of 312 and 20592.
312
Calculate the highest common factor of 11 and 4103.
11
Calculate the highest common divisor of 506 and 46.
46
What is the highest common divisor of 34545 and 15?
15
Calculate the greatest common factor of 55710 and 90.
90
What is the greatest common divisor of 456 and 24?
24
What is the greatest common divisor of 74 and 14?
2
What is the greatest common divisor of 32 and 2204?
4
Calculate the greatest common factor of 200 and 15.
5
What is the greatest common divisor of 122 and 671?
61
Calculate the highest common divisor of 116 and 12.
4
What is the greatest common factor of 2166 and 285?
57
Calculate the greatest common factor of 267 and 6.
3
Calculate the greatest common factor of 120 and 300.
60
What is the highest common factor of 325 and 50?
25
Calculate the greatest common divisor of 28 and 7.
7
What is the highest common divisor of 253 and 143?
11
What is the highest common divisor of 376 and 141?
47
What is th